{"id":421,"date":"2023-11-20T13:32:48","date_gmt":"2023-11-20T13:32:48","guid":{"rendered":"https:\/\/physio-briggen.ch\/neu\/?page_id=421"},"modified":"2026-01-06T12:04:44","modified_gmt":"2026-01-06T12:04:44","slug":"bewegungsgruppe","status":"publish","type":"page","link":"https:\/\/bewegt-physio.ch\/index.php\/bewegungsgruppe\/","title":{"rendered":"beWEGt"},"content":{"rendered":"\t\t<div data-elementor-type=\"wp-page\" data-elementor-id=\"421\" class=\"elementor elementor-421\" data-elementor-post-type=\"page\">\n\t\t\t\t\t\t\t<div class=\"elementor-element elementor-element-0175ef6 e-con-full e-flex e-con e-parent\" data-id=\"0175ef6\" data-element_type=\"container\" data-settings=\"{&quot;content_width&quot;:&quot;full&quot;}\" data-core-v316-plus=\"true\">\n\t\t\t\t<div class=\"elementor-element elementor-element-8d0cd27 elementor-widget__width-initial elementor-widget elementor-widget-text-editor\" data-id=\"8d0cd27\" data-element_type=\"widget\" data-widget_type=\"text-editor.default\">\n\t\t\t\t<div class=\"elementor-widget-container\">\n\t\t\t<style>\/*! elementor - v3.18.0 - 20-12-2023 *\/\n.elementor-widget-text-editor.elementor-drop-cap-view-stacked .elementor-drop-cap{background-color:#69727d;color:#fff}.elementor-widget-text-editor.elementor-drop-cap-view-framed .elementor-drop-cap{color:#69727d;border:3px solid;background-color:transparent}.elementor-widget-text-editor:not(.elementor-drop-cap-view-default) .elementor-drop-cap{margin-top:8px}.elementor-widget-text-editor:not(.elementor-drop-cap-view-default) .elementor-drop-cap-letter{width:1em;height:1em}.elementor-widget-text-editor .elementor-drop-cap{float:left;text-align:center;line-height:1;font-size:50px}.elementor-widget-text-editor .elementor-drop-cap-letter{display:inline-block}<\/style>\t\t\t\t<h2>\u00a0beWEGt<\/h2>\t\t\t\t\t\t<\/div>\n\t\t\t\t<\/div>\n\t\t\t\t<\/div>\n\t\t<div class=\"elementor-element elementor-element-5120f26 e-flex e-con-boxed e-con e-parent\" data-id=\"5120f26\" data-element_type=\"container\" data-settings=\"{&quot;content_width&quot;:&quot;boxed&quot;}\" data-core-v316-plus=\"true\">\n\t\t\t\t\t<div class=\"e-con-inner\">\n\t\t\t\t<div class=\"elementor-element elementor-element-fd33bb2 elementor-widget__width-inherit elementor-widget elementor-widget-qi_addons_for_elementor_parallax_images\" data-id=\"fd33bb2\" data-element_type=\"widget\" data-widget_type=\"qi_addons_for_elementor_parallax_images.default\">\n\t\t\t\t<div class=\"elementor-widget-container\">\n\t\t\t<div class=\"qodef-shortcode qodef-m  qodef-qi-parallax-images qodef-layout--default\">\n\t<div class=\"qodef-m-images\">\n\t\t<div class=\"qodef-e-main-image-holder\">\n\t\t\t<div class=\"qodef-e-main-image-zoom-holder\">\n\t\t\t\t\t\t\t\t\t<div class=\"qodef-e-main-image\" >\n\t\t\t\t\t\t<img fetchpriority=\"high\" decoding=\"async\" src=\"https:\/\/bewegt-physio.ch\/wp-content\/uploads\/2023\/11\/Verlauf_2-1200x400.jpg\" alt=\"\" width=\"1200\" height=\"400\" \/>\t\t\t\t\t<\/div>\n\t\t\t\t\t\t\t<\/div>\n\t\t<\/div>\n\t\t\t\t\t\t\t\t\t\t\t\t\t<div class=\"qodef-e-parallax-image qodef-position--top-left elementor-repeater-item-96eb25c\" >\n\t\t\t\t\t<img decoding=\"async\" width=\"296\" height=\"300\" src=\"https:\/\/bewegt-physio.ch\/wp-content\/uploads\/2023\/11\/b_bewegt_physio_RGB-296x300.png\" class=\"attachment-medium size-medium\" alt=\"\" srcset=\"https:\/\/bewegt-physio.ch\/wp-content\/uploads\/2023\/11\/b_bewegt_physio_RGB-296x300.png 296w, https:\/\/bewegt-physio.ch\/wp-content\/uploads\/2023\/11\/b_bewegt_physio_RGB-768x777.png 768w, https:\/\/bewegt-physio.ch\/wp-content\/uploads\/2023\/11\/b_bewegt_physio_RGB-700x708.png 700w, https:\/\/bewegt-physio.ch\/wp-content\/uploads\/2023\/11\/b_bewegt_physio_RGB.png 1000w\" sizes=\"(max-width: 296px) 100vw, 296px\" \/>\t\t\t\t<\/div>\n\t\t\t\t\t\t\t\t\t\t\t<div class=\"qodef-e-parallax-image qodef-position--bottom-right elementor-repeater-item-31b6479\" >\n\t\t\t\t\t<img decoding=\"async\" width=\"300\" height=\"150\" src=\"https:\/\/bewegt-physio.ch\/wp-content\/uploads\/2023\/12\/2023_12_20_bewegt_physio_0016-300x150.jpg\" class=\"attachment-medium size-medium\" alt=\"\" srcset=\"https:\/\/bewegt-physio.ch\/wp-content\/uploads\/2023\/12\/2023_12_20_bewegt_physio_0016-300x150.jpg 300w, https:\/\/bewegt-physio.ch\/wp-content\/uploads\/2023\/12\/2023_12_20_bewegt_physio_0016-1024x512.jpg 1024w, https:\/\/bewegt-physio.ch\/wp-content\/uploads\/2023\/12\/2023_12_20_bewegt_physio_0016-768x384.jpg 768w, https:\/\/bewegt-physio.ch\/wp-content\/uploads\/2023\/12\/2023_12_20_bewegt_physio_0016-1000x500.jpg 1000w, https:\/\/bewegt-physio.ch\/wp-content\/uploads\/2023\/12\/2023_12_20_bewegt_physio_0016-700x350.jpg 700w, https:\/\/bewegt-physio.ch\/wp-content\/uploads\/2023\/12\/2023_12_20_bewegt_physio_0016-1100x550.jpg 1100w, https:\/\/bewegt-physio.ch\/wp-content\/uploads\/2023\/12\/2023_12_20_bewegt_physio_0016-1300x650.jpg 1300w, https:\/\/bewegt-physio.ch\/wp-content\/uploads\/2023\/12\/2023_12_20_bewegt_physio_0016.jpg 1400w\" sizes=\"(max-width: 300px) 100vw, 300px\" \/>\t\t\t\t<\/div>\n\t\t\t\t\t\t<\/div>\n<\/div>\n\t\t<\/div>\n\t\t\t\t<\/div>\n\t\t\t\t\t<\/div>\n\t\t\t\t<\/div>\n\t\t<div class=\"elementor-element elementor-element-ed8e4a9 e-flex e-con-boxed e-con e-parent\" data-id=\"ed8e4a9\" data-element_type=\"container\" data-settings=\"{&quot;content_width&quot;:&quot;boxed&quot;}\" data-core-v316-plus=\"true\">\n\t\t\t\t\t<div class=\"e-con-inner\">\n\t\t\t\t<div class=\"elementor-element elementor-element-c54b5f3 elementor-widget elementor-widget-spacer\" data-id=\"c54b5f3\" data-element_type=\"widget\" data-widget_type=\"spacer.default\">\n\t\t\t\t<div class=\"elementor-widget-container\">\n\t\t\t<style>\/*! elementor - v3.18.0 - 20-12-2023 *\/\n.elementor-column .elementor-spacer-inner{height:var(--spacer-size)}.e-con{--container-widget-width:100%}.e-con-inner>.elementor-widget-spacer,.e-con>.elementor-widget-spacer{width:var(--container-widget-width,var(--spacer-size));--align-self:var(--container-widget-align-self,initial);--flex-shrink:0}.e-con-inner>.elementor-widget-spacer>.elementor-widget-container,.e-con>.elementor-widget-spacer>.elementor-widget-container{height:100%;width:100%}.e-con-inner>.elementor-widget-spacer>.elementor-widget-container>.elementor-spacer,.e-con>.elementor-widget-spacer>.elementor-widget-container>.elementor-spacer{height:100%}.e-con-inner>.elementor-widget-spacer>.elementor-widget-container>.elementor-spacer>.elementor-spacer-inner,.e-con>.elementor-widget-spacer>.elementor-widget-container>.elementor-spacer>.elementor-spacer-inner{height:var(--container-widget-height,var(--spacer-size))}.e-con-inner>.elementor-widget-spacer.elementor-widget-empty,.e-con>.elementor-widget-spacer.elementor-widget-empty{position:relative;min-height:22px;min-width:22px}.e-con-inner>.elementor-widget-spacer.elementor-widget-empty .elementor-widget-empty-icon,.e-con>.elementor-widget-spacer.elementor-widget-empty .elementor-widget-empty-icon{position:absolute;top:0;bottom:0;left:0;right:0;margin:auto;padding:0;width:22px;height:22px}<\/style>\t\t<div class=\"elementor-spacer\">\n\t\t\t<div class=\"elementor-spacer-inner\"><\/div>\n\t\t<\/div>\n\t\t\t\t<\/div>\n\t\t\t\t<\/div>\n\t\t\t\t\t<\/div>\n\t\t\t\t<\/div>\n\t\t<div class=\"elementor-element elementor-element-7024d9a e-flex e-con-boxed e-con e-parent\" data-id=\"7024d9a\" data-element_type=\"container\" data-settings=\"{&quot;content_width&quot;:&quot;boxed&quot;}\" data-core-v316-plus=\"true\">\n\t\t\t\t\t<div class=\"e-con-inner\">\n\t\t<div class=\"elementor-element elementor-element-32bb864 e-con-full e-flex e-con e-child\" data-id=\"32bb864\" data-element_type=\"container\" data-settings=\"{&quot;content_width&quot;:&quot;full&quot;}\">\n\t\t\t\t<div class=\"elementor-element elementor-element-0a76669 elementor-widget elementor-widget-heading\" data-id=\"0a76669\" data-element_type=\"widget\" data-widget_type=\"heading.default\">\n\t\t\t\t<div class=\"elementor-widget-container\">\n\t\t\t<style>\/*! elementor - v3.18.0 - 20-12-2023 *\/\n.elementor-heading-title{padding:0;margin:0;line-height:1}.elementor-widget-heading .elementor-heading-title[class*=elementor-size-]>a{color:inherit;font-size:inherit;line-height:inherit}.elementor-widget-heading .elementor-heading-title.elementor-size-small{font-size:15px}.elementor-widget-heading .elementor-heading-title.elementor-size-medium{font-size:19px}.elementor-widget-heading .elementor-heading-title.elementor-size-large{font-size:29px}.elementor-widget-heading .elementor-heading-title.elementor-size-xl{font-size:39px}.elementor-widget-heading .elementor-heading-title.elementor-size-xxl{font-size:59px}<\/style><h3 class=\"elementor-heading-title elementor-size-default\">beWEGt <\/h3>\t\t<\/div>\n\t\t\t\t<\/div>\n\t\t\t\t<\/div>\n\t\t<div class=\"elementor-element elementor-element-bee8150 e-con-full e-flex e-con e-child\" data-id=\"bee8150\" data-element_type=\"container\" data-settings=\"{&quot;content_width&quot;:&quot;full&quot;}\">\n\t\t\t\t<div class=\"elementor-element elementor-element-7847a59 elementor-widget elementor-widget-text-editor\" data-id=\"7847a59\" data-element_type=\"widget\" data-widget_type=\"text-editor.default\">\n\t\t\t\t<div class=\"elementor-widget-container\">\n\t\t\t\t\t\t\t<p>Bewegungsmuster, die zu \u00dcberlastungen f\u00fchren, sind h\u00e4ufige Ursachen von hartn\u00e4ckigen Schmerzen.<\/p><p>6 Lektionen \u00e0 90 Minuten, max. 8 Teilnehmende<\/p><ul><li>Verstehen, erlernen und erleben sich freier zu bewegen<\/li><li>Bewusste K\u00f6rperwahrnehmung<\/li><li>\u00abHandwerkzeug\u00bb f\u00fcr den Alltag<\/li><li>Ans\u00e4tze der\u00a0<a href=\"https:\/\/spiraldynamik.com\/de\/\" target=\"_blank\" rel=\"noopener\">Spiraldynamik\u00ae\u00a0<\/a>von Kopf bis Fuss und der allgemeinen Physiotherapie<\/li><\/ul>\t\t\t\t\t\t<\/div>\n\t\t\t\t<\/div>\n\t\t\t\t<\/div>\n\t\t\t\t\t<\/div>\n\t\t\t\t<\/div>\n\t\t<div class=\"elementor-element elementor-element-4baed9e e-flex e-con-boxed e-con e-parent\" data-id=\"4baed9e\" data-element_type=\"container\" data-settings=\"{&quot;content_width&quot;:&quot;boxed&quot;}\" data-core-v316-plus=\"true\">\n\t\t\t\t\t<div class=\"e-con-inner\">\n\t\t<div class=\"elementor-element elementor-element-58ca8b0 e-con-full e-flex e-con e-child\" data-id=\"58ca8b0\" data-element_type=\"container\" data-settings=\"{&quot;content_width&quot;:&quot;full&quot;}\">\n\t\t\t\t<div class=\"elementor-element elementor-element-8efbf13 elementor-widget elementor-widget-heading\" data-id=\"8efbf13\" data-element_type=\"widget\" data-widget_type=\"heading.default\">\n\t\t\t\t<div class=\"elementor-widget-container\">\n\t\t\t<h4 class=\"elementor-heading-title elementor-size-default\">Daten 2026<\/h4>\t\t<\/div>\n\t\t\t\t<\/div>\n\t\t\t\t<\/div>\n\t\t<div class=\"elementor-element elementor-element-8d304c6 e-con-full e-flex e-con e-child\" data-id=\"8d304c6\" data-element_type=\"container\" data-settings=\"{&quot;content_width&quot;:&quot;full&quot;}\">\n\t\t\t\t<div class=\"elementor-element elementor-element-8a57407 elementor-widget elementor-widget-text-editor\" data-id=\"8a57407\" data-element_type=\"widget\" data-widget_type=\"text-editor.default\">\n\t\t\t\t<div class=\"elementor-widget-container\">\n\t\t\t\t\t\t\t<p>Keinen Kurs 2026 geplant. <\/p>\t\t\t\t\t\t<\/div>\n\t\t\t\t<\/div>\n\t\t\t\t<\/div>\n\t\t\t\t\t<\/div>\n\t\t\t\t<\/div>\n\t\t<div class=\"elementor-element elementor-element-9459bd3 e-flex e-con-boxed e-con e-parent\" data-id=\"9459bd3\" data-element_type=\"container\" data-settings=\"{&quot;content_width&quot;:&quot;boxed&quot;}\" data-core-v316-plus=\"true\">\n\t\t\t\t\t<div class=\"e-con-inner\">\n\t\t<div class=\"elementor-element elementor-element-c79f808 e-con-full e-flex e-con e-child\" data-id=\"c79f808\" data-element_type=\"container\" data-settings=\"{&quot;content_width&quot;:&quot;full&quot;}\">\n\t\t\t\t<div class=\"elementor-element elementor-element-1074528 elementor-widget elementor-widget-heading\" data-id=\"1074528\" data-element_type=\"widget\" data-widget_type=\"heading.default\">\n\t\t\t\t<div class=\"elementor-widget-container\">\n\t\t\t<h4 class=\"elementor-heading-title elementor-size-default\">Kosten<\/h4>\t\t<\/div>\n\t\t\t\t<\/div>\n\t\t\t\t<\/div>\n\t\t<div class=\"elementor-element elementor-element-966ee48 e-con-full e-flex e-con e-child\" data-id=\"966ee48\" data-element_type=\"container\" data-settings=\"{&quot;content_width&quot;:&quot;full&quot;}\">\n\t\t\t\t<div class=\"elementor-element elementor-element-07ac790 elementor-widget elementor-widget-text-editor\" data-id=\"07ac790\" data-element_type=\"widget\" data-widget_type=\"text-editor.default\">\n\t\t\t\t<div class=\"elementor-widget-container\">\n\t\t\t\t\t\t\t<p>CHF 240.\u2013 Selbstzahler. Je nach Zusatzversicherung \u00fcbernimmt diese einen Anteil.<\/p>\t\t\t\t\t\t<\/div>\n\t\t\t\t<\/div>\n\t\t\t\t<\/div>\n\t\t\t\t\t<\/div>\n\t\t\t\t<\/div>\n\t\t<div class=\"elementor-element elementor-element-b792ab6 e-flex e-con-boxed e-con e-parent\" data-id=\"b792ab6\" data-element_type=\"container\" data-settings=\"{&quot;content_width&quot;:&quot;boxed&quot;}\" data-core-v316-plus=\"true\">\n\t\t\t\t\t<div class=\"e-con-inner\">\n\t\t<div class=\"elementor-element elementor-element-d97734d e-con-full e-flex e-con e-child\" data-id=\"d97734d\" data-element_type=\"container\" data-settings=\"{&quot;content_width&quot;:&quot;full&quot;}\">\n\t\t\t\t<div class=\"elementor-element elementor-element-8d2ee5c elementor-widget elementor-widget-heading\" data-id=\"8d2ee5c\" data-element_type=\"widget\" data-widget_type=\"heading.default\">\n\t\t\t\t<div class=\"elementor-widget-container\">\n\t\t\t<h4 class=\"elementor-heading-title elementor-size-default\">Ort<\/h4>\t\t<\/div>\n\t\t\t\t<\/div>\n\t\t\t\t<\/div>\n\t\t<div class=\"elementor-element elementor-element-1db2789 e-con-full e-flex e-con e-child\" data-id=\"1db2789\" data-element_type=\"container\" data-settings=\"{&quot;content_width&quot;:&quot;full&quot;}\">\n\t\t\t\t<div class=\"elementor-element elementor-element-60c193e elementor-widget elementor-widget-text-editor\" data-id=\"60c193e\" data-element_type=\"widget\" data-widget_type=\"text-editor.default\">\n\t\t\t\t<div class=\"elementor-widget-container\">\n\t\t\t\t\t\t\t<p>Stationsstrasse 16, 3671 Brenzikofen<\/p>\t\t\t\t\t\t<\/div>\n\t\t\t\t<\/div>\n\t\t\t\t<\/div>\n\t\t\t\t\t<\/div>\n\t\t\t\t<\/div>\n\t\t<div class=\"elementor-element elementor-element-98e8825 e-flex e-con-boxed e-con e-parent\" data-id=\"98e8825\" data-element_type=\"container\" data-settings=\"{&quot;content_width&quot;:&quot;boxed&quot;}\" data-core-v316-plus=\"true\">\n\t\t\t\t\t<div class=\"e-con-inner\">\n\t\t<div class=\"elementor-element elementor-element-e1d5204 e-con-full e-flex e-con e-child\" data-id=\"e1d5204\" data-element_type=\"container\" data-settings=\"{&quot;content_width&quot;:&quot;full&quot;}\">\n\t\t\t\t<div class=\"elementor-element elementor-element-4a5a046 elementor-widget elementor-widget-heading\" data-id=\"4a5a046\" data-element_type=\"widget\" data-widget_type=\"heading.default\">\n\t\t\t\t<div class=\"elementor-widget-container\">\n\t\t\t<h4 class=\"elementor-heading-title elementor-size-default\">Kursleitung<\/h4>\t\t<\/div>\n\t\t\t\t<\/div>\n\t\t\t\t<\/div>\n\t\t<div class=\"elementor-element elementor-element-9bad2c6 e-con-full e-flex e-con e-child\" data-id=\"9bad2c6\" data-element_type=\"container\" data-settings=\"{&quot;content_width&quot;:&quot;full&quot;}\">\n\t\t\t\t<div class=\"elementor-element elementor-element-a3c0d4e elementor-widget elementor-widget-text-editor\" data-id=\"a3c0d4e\" data-element_type=\"widget\" data-widget_type=\"text-editor.default\">\n\t\t\t\t<div class=\"elementor-widget-container\">\n\t\t\t\t\t\t\t<p>Karin Briggen, dipl. Physiotherapeutin Spiraldynamik\u00ae Level Intermediate<\/p>\t\t\t\t\t\t<\/div>\n\t\t\t\t<\/div>\n\t\t\t\t<\/div>\n\t\t\t\t\t<\/div>\n\t\t\t\t<\/div>\n\t\t<div class=\"elementor-element elementor-element-1eda842 e-flex e-con-boxed e-con e-parent\" data-id=\"1eda842\" data-element_type=\"container\" data-settings=\"{&quot;content_width&quot;:&quot;boxed&quot;}\" data-core-v316-plus=\"true\">\n\t\t\t\t\t<div class=\"e-con-inner\">\n\t\t<div class=\"elementor-element elementor-element-288a5b3 e-con-full e-flex e-con e-child\" data-id=\"288a5b3\" data-element_type=\"container\" data-settings=\"{&quot;content_width&quot;:&quot;full&quot;}\">\n\t\t\t\t<div class=\"elementor-element elementor-element-be08131 elementor-widget elementor-widget-heading\" data-id=\"be08131\" data-element_type=\"widget\" data-widget_type=\"heading.default\">\n\t\t\t\t<div class=\"elementor-widget-container\">\n\t\t\t<h4 class=\"elementor-heading-title elementor-size-default\">Kontakt und Anmeldung<\/h4>\t\t<\/div>\n\t\t\t\t<\/div>\n\t\t\t\t<\/div>\n\t\t<div class=\"elementor-element elementor-element-68d9d3f e-con-full e-flex e-con e-child\" data-id=\"68d9d3f\" data-element_type=\"container\" data-settings=\"{&quot;content_width&quot;:&quot;full&quot;}\">\n\t\t\t\t<div class=\"elementor-element elementor-element-309cf1c elementor-widget elementor-widget-text-editor\" data-id=\"309cf1c\" data-element_type=\"widget\" data-widget_type=\"text-editor.default\">\n\t\t\t\t<div class=\"elementor-widget-container\">\n\t\t\t\t\t\t\t<p>beWEGt physio, Stationsstrase 16, 3671 Brenzikofen<br \/><a href=\"mailto:praxis@bewegt-physio.ch\">praxis@bewegt-physio.ch<\/a>, Telefon 031 771 34 10<\/p>\t\t\t\t\t\t<\/div>\n\t\t\t\t<\/div>\n\t\t\t\t<\/div>\n\t\t\t\t\t<\/div>\n\t\t\t\t<\/div>\n\t\t<div class=\"elementor-element elementor-element-880225b e-flex e-con-boxed e-con e-parent\" data-id=\"880225b\" data-element_type=\"container\" data-settings=\"{&quot;content_width&quot;:&quot;boxed&quot;}\" data-core-v316-plus=\"true\">\n\t\t\t\t\t<div class=\"e-con-inner\">\n\t\t\t\t<div class=\"elementor-element elementor-element-eb723aa elementor-widget elementor-widget-spacer\" data-id=\"eb723aa\" data-element_type=\"widget\" data-widget_type=\"spacer.default\">\n\t\t\t\t<div class=\"elementor-widget-container\">\n\t\t\t\t\t<div class=\"elementor-spacer\">\n\t\t\t<div class=\"elementor-spacer-inner\"><\/div>\n\t\t<\/div>\n\t\t\t\t<\/div>\n\t\t\t\t<\/div>\n\t\t\t\t\t<\/div>\n\t\t\t\t<\/div>\n\t\t\t\t\t\t\t<\/div>\n\t\t","protected":false},"excerpt":{"rendered":"<p>\u00a0beWEGt beWEGt Bewegungsmuster, die zu \u00dcberlastungen f\u00fchren, sind h\u00e4ufige Ursachen von hartn\u00e4ckigen Schmerzen. 6 Lektionen \u00e0 90 Minuten, max. 8 Teilnehmende Verstehen, erlernen und erleben sich freier zu bewegen Bewusste K\u00f6rperwahrnehmung \u00abHandwerkzeug\u00bb f\u00fcr den Alltag Ans\u00e4tze der\u00a0Spiraldynamik\u00ae\u00a0von Kopf bis Fuss und der allgemeinen Physiotherapie Daten&#8230;<\/p>\n","protected":false},"author":2,"featured_media":0,"parent":0,"menu_order":0,"comment_status":"closed","ping_status":"closed","template":"full_width.php","meta":{"footnotes":""},"class_list":["post-421","page","type-page","status-publish","hentry"],"_links":{"self":[{"href":"https:\/\/bewegt-physio.ch\/index.php\/wp-json\/wp\/v2\/pages\/421","targetHints":{"allow":["GET"]}}],"collection":[{"href":"https:\/\/bewegt-physio.ch\/index.php\/wp-json\/wp\/v2\/pages"}],"about":[{"href":"https:\/\/bewegt-physio.ch\/index.php\/wp-json\/wp\/v2\/types\/page"}],"author":[{"embeddable":true,"href":"https:\/\/bewegt-physio.ch\/index.php\/wp-json\/wp\/v2\/users\/2"}],"replies":[{"embeddable":true,"href":"https:\/\/bewegt-physio.ch\/index.php\/wp-json\/wp\/v2\/comments?post=421"}],"version-history":[{"count":90,"href":"https:\/\/bewegt-physio.ch\/index.php\/wp-json\/wp\/v2\/pages\/421\/revisions"}],"predecessor-version":[{"id":2809,"href":"https:\/\/bewegt-physio.ch\/index.php\/wp-json\/wp\/v2\/pages\/421\/revisions\/2809"}],"wp:attachment":[{"href":"https:\/\/bewegt-physio.ch\/index.php\/wp-json\/wp\/v2\/media?parent=421"}],"curies":[{"name":"wp","href":"https:\/\/api.w.org\/{rel}","templated":true}]}}